{"id":362,"date":"2024-03-08T12:03:14","date_gmt":"2024-03-08T11:03:14","guid":{"rendered":"https:\/\/www.itproregio.hu\/?page_id=362"},"modified":"2024-03-08T12:16:17","modified_gmt":"2024-03-08T11:16:17","slug":"a-gondosora","status":"publish","type":"page","link":"https:\/\/www.itproregio.hu\/index.php\/a-gondosora\/","title":{"rendered":"A gondos\u00f3ra"},"content":{"rendered":"\t\t<div data-elementor-type=\"wp-page\" data-elementor-id=\"362\" class=\"elementor elementor-362\">\n\t\t\t\t<div class=\"elementor-element elementor-element-8b2e2fe e-flex e-con-boxed e-con e-parent\" data-id=\"8b2e2fe\" data-element_type=\"container\">\n\t\t\t\t\t<div class=\"e-con-inner\">\n\t\t\t\t<div class=\"elementor-element elementor-element-acec87e elementor-widget elementor-widget-spacer\" data-id=\"acec87e\" data-element_type=\"widget\" data-widget_type=\"spacer.default\">\n\t\t\t\t<div class=\"elementor-widget-container\">\n\t\t\t\t\t<div class=\"elementor-spacer\">\n\t\t\t<div class=\"elementor-spacer-inner\"><\/div>\n\t\t<\/div>\n\t\t\t\t<\/div>\n\t\t\t\t<\/div>\n\t\t\t\t\t<\/div>\n\t\t\t\t<\/div>\n\t\t<div class=\"elementor-element elementor-element-d4129cd e-flex e-con-boxed e-con e-parent\" data-id=\"d4129cd\" data-element_type=\"container\">\n\t\t\t\t\t<div class=\"e-con-inner\">\n\t\t\t\t<div class=\"elementor-element elementor-element-31d9bf7 elementor-widget elementor-widget-heading\" data-id=\"31d9bf7\" data-element_type=\"widget\" data-widget_type=\"heading.default\">\n\t\t\t\t<div class=\"elementor-widget-container\">\n\t\t\t<h3 class=\"elementor-heading-title elementor-size-default\">A gondos\u00f3ra \u00e9letet menthet<\/h3>\t\t<\/div>\n\t\t\t\t<\/div>\n\t\t\t\t\t<\/div>\n\t\t\t\t<\/div>\n\t\t<div class=\"elementor-element elementor-element-12d7ffc e-flex e-con-boxed e-con e-parent\" data-id=\"12d7ffc\" data-element_type=\"container\">\n\t\t\t\t\t<div class=\"e-con-inner\">\n\t\t\t\t<div class=\"elementor-element elementor-element-195d9ae elementor-widget elementor-widget-text-editor\" data-id=\"195d9ae\" data-element_type=\"widget\" data-widget_type=\"text-editor.default\">\n\t\t\t\t<div class=\"elementor-widget-container\">\n\t\t\t\t\t\t\t<div dir=\"ltr\"><p>H\u00e9tv\u00e9g\u00e9n a Mak\u00f3 melletti nemzeti parkban s\u00e9t\u00e1ltam a maros parton, amikor sz\u00f3ba ker\u00fclt, hogy a meg\u00e1radt foly\u00f3ban lehet-e pec\u00e1zni..<\/p><p>Na \u00e9s felvil\u00e1gos\u00edtottak, hogy a napokban esett bele egy id\u0151s pec\u00e1s a meg\u00e1radt foly\u00f3ba \u00e9s az \u00e9let\u00e9t az okos \u00f3r\u00e1ja mentette meg&#8230;ott f\u00fcgg\u00f6tt a parton egy fa gy\u00f6kereibe kapaszkodva, mikor esz\u00e9be jutott, hogy az okos \u00f3r\u00e1j\u00e1val seg\u00edts\u00e9get tud h\u00edvni!\u00a0 bej\u00f6tt a dolog, a diszp\u00e9cser seg\u00edts\u00e9get k\u00fcld\u00f6tt!<\/p><p>\u00c9s ez nem volt egyedi eset! A mi &#8222;olvas\u00f3ink&#8221; j\u00f3r\u00e9szt fiatalok, de \u00e9rdemes felh\u00edvni a nagysz\u00fcl\u0151k figyelm\u00e9t, hogy \u00e9ljenek a lehet\u0151s\u00e9ggel \u00e9s ig\u00e9nyeljenek a valamennyi 65 \u00e9ven fel\u00fcli magyar \u00e1llampolg\u00e1rnak\u00a0 ingyenesen j\u00e1r\u00f3 okos\u00f3r\u00e1t, amely seg\u00e9lyh\u00edv\u00f3k\u00e9nt m\u0171k\u00f6dik!Eddig k\u00f6zel 600 ezren ig\u00e9nyelt\u00e9k is az eszk\u00f6zt, \u00e9s mindegy 600 ezer h\u00edv\u00e1s \u00e9rkezett! Ilyenkor a diszp\u00e9cser minden esetben \u00e9rtes\u00edti a szem\u00e9lyes kapcsolattart\u00f3t -\u00e1ltal\u00e1ban csal\u00e1dtagot &#8211; \u00e9s sz\u00fcks\u00e9g eset\u00e9n a ment\u0151t, t\u0171zolt\u00f3t stb. A statisztika azt mutatja, hogy a legt\u00f6bb ig\u00e9nyl\u0151 budapesti, illetve Pest megyei, \u00e9s az ig\u00e9nyl\u0151k \u00e9letkor\u00e1nak \u00e1tlaga 75 \u00e9v felett van. Nemcsak a rossz eg\u00e9szs\u00e9gi \u00e1llapotban l\u00e9v\u0151knek \u00e9rdemes a okos\u00f3r\u00e1t megig\u00e9nyelni, vannak extr\u00e9m esetek &#8211; min a foly\u00f3ban landol\u00f3 horg\u00e1sz eset is mutatja &#8211; de nagyon gyakoriak a h\u00e1ztart\u00e1sban t\u00f6rt\u00e9n\u0151 balesetek is, ahol nagyon fontos az azonnal seg\u00edts\u00e9g. Az ig\u00e9nyl\u00e9s nagyon egyszer\u0171, l\u00e9trehozt\u00e1k a Gondos\u00f3ra\u00a0weboldalt, a regisztr\u00e1ci\u00f3 gombra kattint\u00e1s ut\u00e1n az adatlapot kell kit\u00f6lteni.<\/p><p>Vigy\u00e1zzunk, magunkra, vigy\u00e1zzunk a szeretteinkre!<\/p><p>A Gondos\u00f3ra programra val\u00f3 jelentkez\u00e9s ingyenes, a szolg\u00e1ltat\u00e1s pedig havid\u00edjmentes \u00e9s Magyarorsz\u00e1g minden telep\u00fcl\u00e9s\u00e9n hozz\u00e1f\u00e9rhet\u0151 a h\u00e9t minden napj\u00e1n \u00e9s \u00f3r\u00e1j\u00e1ban a 65 felettiek sz\u00e1m\u00e1ra.<\/p><\/div>\t\t\t\t\t\t<\/div>\n\t\t\t\t<\/div>\n\t\t\t\t\t<\/div>\n\t\t\t\t<\/div>\n\t\t<div class=\"elementor-element elementor-element-2a87e0c e-flex e-con-boxed e-con e-parent\" data-id=\"2a87e0c\" data-element_type=\"container\">\n\t\t\t\t\t<div class=\"e-con-inner\">\n\t\t\t\t<div class=\"elementor-element elementor-element-ab568c2 elementor-widget elementor-widget-image\" data-id=\"ab568c2\" data-element_type=\"widget\" data-widget_type=\"image.default\">\n\t\t\t\t<div class=\"elementor-widget-container\">\n\t\t\t\t\t\t\t\t\t\t\t\t\t<img fetchpriority=\"high\" decoding=\"async\" width=\"500\" height=\"500\" src=\"https:\/\/www.itproregio.hu\/wp-content\/uploads\/2024\/03\/hands-1786272_1280-removebg-preview.png\" class=\"attachment-large size-large wp-image-367\" alt=\"\" srcset=\"https:\/\/www.itproregio.hu\/wp-content\/uploads\/2024\/03\/hands-1786272_1280-removebg-preview.png 500w, https:\/\/www.itproregio.hu\/wp-content\/uploads\/2024\/03\/hands-1786272_1280-removebg-preview-300x300.png 300w, https:\/\/www.itproregio.hu\/wp-content\/uploads\/2024\/03\/hands-1786272_1280-removebg-preview-150x150.png 150w\" sizes=\"(max-width: 500px) 100vw, 500px\" \/>\t\t\t\t\t\t\t\t\t\t\t\t\t<\/div>\n\t\t\t\t<\/div>\n\t\t\t\t\t<\/div>\n\t\t\t\t<\/div>\n\t\t<div class=\"elementor-element elementor-element-2c3511e e-flex e-con-boxed e-con e-parent\" data-id=\"2c3511e\" data-element_type=\"container\">\n\t\t\t\t\t<div class=\"e-con-inner\">\n\t\t\t\t<div class=\"elementor-element elementor-element-342e380 elementor-widget elementor-widget-button\" data-id=\"342e380\" data-element_type=\"widget\" data-widget_type=\"button.default\">\n\t\t\t\t<div class=\"elementor-widget-container\">\n\t\t\t\t\t<div class=\"elementor-button-wrapper\">\n\t\t\t<a class=\"elementor-button elementor-button-link elementor-size-sm\" href=\"https:\/\/www.itproregio.hu\/\">\n\t\t\t\t\t\t<span class=\"elementor-button-content-wrapper\">\n\t\t\t\t\t\t\t\t\t<span class=\"elementor-button-text\">VISSZA<\/span>\n\t\t\t\t\t<\/span>\n\t\t\t\t\t<\/a>\n\t\t<\/div>\n\t\t\t\t<\/div>\n\t\t\t\t<\/div>\n\t\t\t\t\t<\/div>\n\t\t\t\t<\/div>\n\t\t\t\t<\/div>\n\t\t","protected":false},"excerpt":{"rendered":"<p>A gondos\u00f3ra \u00e9letet menthet H\u00e9tv\u00e9g\u00e9n a Mak\u00f3 melletti nemzeti parkban s\u00e9t\u00e1ltam a maros parton, amikor sz\u00f3ba ker\u00fclt, hogy a meg\u00e1radt foly\u00f3ban lehet-e pec\u00e1zni.. Na \u00e9s felvil\u00e1gos\u00edtottak, hogy a napokban esett bele egy id\u0151s pec\u00e1s a meg\u00e1radt foly\u00f3ba \u00e9s az \u00e9let\u00e9t az okos \u00f3r\u00e1ja mentette meg&#8230;ott f\u00fcgg\u00f6tt a parton egy fa gy\u00f6kereibe kapaszkodva, mikor esz\u00e9be jutott, &#8230; <a title=\"A gondos\u00f3ra\" class=\"read-more\" href=\"https:\/\/www.itproregio.hu\/index.php\/a-gondosora\/\" aria-label=\"Tov\u00e1bbiak A gondos\u00f3ra\">Olvass tov\u00e1bb<\/a><\/p>\n","protected":false},"author":1,"featured_media":0,"parent":0,"menu_order":0,"comment_status":"closed","ping_status":"closed","template":"elementor_header_footer","meta":{"footnotes":""},"_links":{"self":[{"href":"https:\/\/www.itproregio.hu\/index.php\/wp-json\/wp\/v2\/pages\/362"}],"collection":[{"href":"https:\/\/www.itproregio.hu\/index.php\/wp-json\/wp\/v2\/pages"}],"about":[{"href":"https:\/\/www.itproregio.hu\/index.php\/wp-json\/wp\/v2\/types\/page"}],"author":[{"embeddable":true,"href":"https:\/\/www.itproregio.hu\/index.php\/wp-json\/wp\/v2\/users\/1"}],"replies":[{"embeddable":true,"href":"https:\/\/www.itproregio.hu\/index.php\/wp-json\/wp\/v2\/comments?post=362"}],"version-history":[{"count":7,"href":"https:\/\/www.itproregio.hu\/index.php\/wp-json\/wp\/v2\/pages\/362\/revisions"}],"predecessor-version":[{"id":373,"href":"https:\/\/www.itproregio.hu\/index.php\/wp-json\/wp\/v2\/pages\/362\/revisions\/373"}],"wp:attachment":[{"href":"https:\/\/www.itproregio.hu\/index.php\/wp-json\/wp\/v2\/media?parent=362"}],"curies":[{"name":"wp","href":"https:\/\/api.w.org\/{rel}","templated":true}]}}